1 (base 3) in base 13?
-77b
-313123 (base 4) to base 11
-2735
a77b (base 14) to base 5
1411141
Convert -1000010001101 (base 2) to base 16.
-108d
-2a9b (base 14) to base 13
-35b6
-141441 (base 5) to base 3
-22001110
What is -20c (base 16) in base 3?
-201102
34614 (base 7) to base 4
2022300
What is 2102 (base 4) in base 2?
10010010
What is -2b (base 12) in base 7?
-50
What is -147 (base 8) in base 15?
-6d
What is 122010201 (base 3) in base 4?
3003031
What is -111000010 (base 2) in base 7?
-1212
What is 123332 (base 4) in base 3?
2110022
Convert -121b (base 12) to base 14.
-a59
-736b (base 14) to base 13
-9091
Convert 1423340 (base 5) to base 11.
20472
What is -11766 (base 8) in base 12?
-2b5a
What is 4b91 (base 14) in base 3?
200012002
-2636 (base 9) to base 6
-13053
What is 443 (base 7) in base 13?
146
Convert -41320 (base 5) to base 12.
-169a
-23354 (base 7) to base 16
-1781
Convert -17aad (base 14) to base 2.
-1110100101011001
34375 (base 8) to base 3
202000100
What is 102503 (base 7) in base 14?
6673
48285 (base 11) to base 14
1b4b9
-27617 (base 9) to base 5
-1044402
-1361 (base 12) to base 14
-b57
2000220020 (base 3) to base 5
2240040
Convert -1168 (base 10) to base 6.
-5224
What is -110101100110001 (base 2) in base 5?
-1334231
144045 (base 6) to base 15
4188
What is 122 (base 13) in base 5?
1242
Convert 935 (base 15) to base 10.
2075
-110321 (base 4) to base 6
-10105
Convert 5420 (base 8) to base 2.
101100010000
What is 13220110 (base 4) in base 10?
31252
-101000012 (base 3) to base 13
-3422
Convert 13134 (base 6) to base 16.
7d2
Convert -455 (base 12) to base 3.
-212202
Convert -10211001 (base 3) to base 15.
-c57
What is -20610 (base 7) in base 12?
-2b53
Convert 4125 (base 10) to base 6.
31033
Convert -441 (base 11) to base 16.
-211
2158 (base 13) to base 10
4636
What is -1432 (base 12) in base 7?
-6554
What is -1cec4 (base 15) in base 10?
-94459
-10121010 (base 4) to base 10
-17988
Convert 458 (base 16) to base 9.
1465
What is -209 (base 16) in base 8?
-1011
Convert -daa (base 14) to base 10.
-2698
-a63 (base 12) to base 15
-6b0
Convert 824 (base 9) to base 15.
2ea
1110011111 (base 2) to base 9
1240
Convert 45c (base 14) to base 13.
518
300032 (base 5) to base 4
2102300
Convert -10100011100001001 (base 2) to base 4.
-110130021
What is -54575 (base 8) in base 10?
-22909
-11441 (base 5) to base 7
-2353
-420 (base 10) to base 7
-1140
-2a431 (base 11) to base 5
-2334420
Convert 7573 (base 11) to base 6.
114150
Convert -21120 (base 4) to base 13.
-372
2203113 (base 4) to base 5
313310
What is 56e (base 16) in base 2?
10101101110
-297 (base 15) to base 10
-592
101101001110110 (base 2) to base 4
11221312
Convert -712 (base 8) to base 11.
-387
-12040 (base 8) to base 16
-1420
What is -e1c6 (base 15) in base 3?
-2102101020
Convert 311055 (base 6) to base 7.
132344
What is 10021020 (base 3) in base 4?
211032
1000100011100 (base 2) to base 13
1cbc
Convert 35 (base 9) to base 6.
52
22032012 (base 4) to base 12
20286
-b96 (base 13) to base 6
-13102
-31846 (base 10) to base 8
-76146
321 (base 10) to base 3
102220
What is 3013141 (base 5) in base 16?
bb31
What is 4a8 (base 16) in base 10?
1192
What is -8ada (base 14) in base 10?
-24104
What is -5dd (base 15) in base 7?
-3613
-1422202 (base 5) to base 7
-152344
What is 1b9 (base 14) in base 15?
18e
-952 (base 14) to base 12
-1090
Convert 13002 (base 5) to base 12.
6b6
What is 32354 (base 6) in base 16?
116e
Convert -3121212 (base 5) to base 12.
-25920
Convert -c36 (base 13) to base 5.
-31243
Convert 4510 (base 7) to base 12.
b34
273 (base 13) to base 3
121000
Convert -975a (base 13) to base 2.
-101001000100111
Convert -2524 (base 9) to base 6.
-12421
-1002124 (base 5) to base 16
-3e2a
Convert 66127 (base 9) to base 4.
22231012
-24705 (base 9) to base 10
-16610
Convert -1089 (base 13) to base 5.
-33220
12000 (base 5) to base 12
60b
bea (base 16) to base 13
1508
120210100 (base 3) to base 16
2cf7
5a3c (base 13) to base 10
12726
Convert -3313 (base 9) to base 14.
-c66
-15260 (base 10) to base 11
-10513
What is -60607 (base 8) in base 11?
-17838
Convert -549 (base 13) to base 7.
-2433
Convert -244 (base 15) to base 4.
-20002
-1110000111 (base 2) to base 4
-32013
Convert 923 (base 15) to base 3.
2211020
What is -37d (base 15) in base 16?
-319
What is 407 (base 14) in base 4?
30113
Convert 42150 (base 7) to base 8.
24206
151644 (base 7) to base 12
15089
What is 14040 (base 5) in base 8?
2171
Convert 23431 (base 7) to base 5.
143144
What is 131 (base 9) in base 10?
109
-100230301 (base 4) to base 8
-205461
50125 (base 7) to base 8
27451
Convert 2310 (base 5) to base 11.
280
Convert -214 (base 12) to base 11.
-257
110112 (base 3) to base 12
242
Convert 287 (base 10) to base 2.
100011111
12320 (base 4) to base 16
1b8
Convert -306366 (base 7) to base 3.
-2200020220
What is -1226 (base 7) in base 14?
-24d
30400 (base 5) to base 8
3667
What is 133 (base 10) in base 3?
11221
What is 454 (base 16) in base 6?
5044
2882 (base 15) to base 9
12805
Convert -2020010 (base 3) to base 16.
-657
What is -10101202 (base 3) in base 5?
-34402
12473 (base 9) to base 8
20331
-10001110001111 (base 2) to base 8
-21617
Convert -d02c (base 14) to base 2.
-1000101110000000
What is 122302 (base 4) in base 8?
3262
Convert 204 (base 10) to base 8.
314
Convert -898 (base 12) to base 13.
-767
What is 1a4 (base 14) in base 11?
28a
What is 40012 (base 5) in base 4?
213023
-327 (base 11) to base 13
-242
What is -21212010 (base 3) in base 5?
-140402
What is 12130 (base 6) in base 8?
3366
-13e (base 15) to base 9
-345
What is -12159 (base 11) in base 4?
-10101100
Convert -63 (base 10) to base 8.
-77
1010101001100010 (base 2) to base 14
11c78
What is 760 (base 15) in base 10?
1665
What is 120211021 (base 3) in base 12?
6814
1463 (base 11) to base 5
30014
What is 1011111001100 (base 2) in base 5?
143332
Convert 100222102 (base 3) to base 5.
213044
Convert 22311 (base 4) to base 6.
3113
What is -11230331 (base 4) in base 14?
-8725
Convert -526 (base 10) to base 7.
-1351
-11101101 (base 2) to base 4
-3231
What is 211301 (base 4) in base 13?
113c
Convert 1043 (base 6) to base 10.
243
-58bb (base 15) to base 11
-13188
What is -13434 (base 6) in base 10?
-2110
What is 6a49 (base 13) in base 9?
22432
Convert -1d75 (base 16) to base 5.
-220131
What is -141021 (base 5) in base 8?
-13201
What is 74776 (base 8) in base 9?
46750
What is -730 (base 10) in base 13?
-442
870 (base 13) to base 8
2643
-a87a (base 13) to base 8
-55577
674a (base 15) to base 11
154a5
Convert -1111111100 (base 2) to base 4.
-33330
What is 1077 (base 8) in base 4?
20333
Convert -100010 (base 3) to base 14.
-138
Convert -12344 (base 11) to base 15.
-53ae
Convert -d1c3 (base 16) to base 5.
-3204244
What is -44725 (base 8) in base 13?
-87ac
Convert -110 (base 15) to base 7.
-462
21538 (base 10) to base 9
32481
Convert 443 (base 12) to base 3.
212020
Convert 9b5 (base 13) to base 8.
3205
What is -1368 (base 13) in base 2?
-101011100110
What is 22351 (base 6) in base 4?
301123
Convert -491 (base 11) to base 16.
-248
-452 (base 6) to base 13
-107
-12603 (base 7) to base 12
-1b60
-12411 (base 5) to base 4
-33111
What is 12113 (base 5) in base 9?
1218
What is 1605 (base 11) in base 15?
927
Convert -228 (base 12) to base 11.
-271
Convert 320404 (base 5) to base 13.
4b64
Convert -271 (base 16) to base 2.
-1001110001
Convert -6525 (base 13) to base 9.
-21250
Convert 1812 (base 16) to base 7.
23652
Convert 20a (base 11) to base 2.
11111100
Convert -7c3 (base 14) to base 3.
-2010011
Convert -2442 (base 5) to base 13.
-228
What is -2322 (base 12) in base 5?
-111124
What is 123131 (base 4) in base 8?
3335
Convert 42665 (base 9) to base 4.
12321113
-21231 (base 5) to base 16
-5a1
Convert -543 (base 13) to base 14.
-484
-1b30 (base 12) to base 10
-3348
-11245 (base 11) to base 15
-4c43
2532 (base 8) to base 5
20440
Convert 32 (base 4) to base 16.
e
62b (base 12) to base 8
1603
What is -1659 (base 10) in base 11?
-1279
274a (base 16) to base 15
2ea8
What is 354 (base 9) in base 3?
101211
Convert -402044 (base 5) to base 3.
-122112010
What is -10001101111111 (base 2) in base 15?
-2a5c
Convert -2458 (base 9) to base 16.
-72b
-11011001100101 (base 2) to base 14
-5109
What is -20604 (base 7) in base 1